 14?
-2
What is -3 (base 14) in base 11?
-3
What is -11 (base 2) in base 12?
-3
Convert 4 (base 11) to base 6.
4
Convert 101 (base 2) to base 16.
5
What is -53 (base 14) in base 10?
-73
What is 2 (base 5) in base 8?
2
Convert 213 (base 5) to base 14.
42
What is -bb (base 13) in base 11?
-130
-2102 (base 3) to base 16
-41
Convert 8 (base 10) to base 12.
8
21 (base 3) to base 12
7
91 (base 12) to base 9
131
What is 244 (base 5) in base 8?
112
Convert 24 (base 5) to base 12.
12
Convert 10 (base 4) to base 9.
4
Convert -6 (base 9) to base 3.
-20
What is -6 (base 15) in base 9?
-6
What is -c6 (base 16) in base 3?
-21100
What is -1 (base 14) in base 4?
-1
1 (base 10) to base 6
1
0 (base 3) to base 12
0
Convert 1 (base 8) to base 12.
1
4 (base 12) to base 9
4
5 (base 9) to base 8
5
Convert 12 (base 14) to base 11.
15
-51 (base 13) to base 16
-42
-2 (base 7) to base 13
-2
What is 121 (base 3) in base 6?
24
What is 2a (base 12) in base 13?
28
What is 1 (base 8) in base 10?
1
Convert -1100 (base 2) to base 9.
-13
What is 210 (base 3) in base 6?
33
What is 95 (base 13) in base 8?
172
Convert 313 (base 7) to base 6.
421
What is 7 (base 15) in base 10?
7
What is 5 (base 8) in base 3?
12
Convert 3 (base 11) to base 14.
3
Convert 35 (base 14) to base 16.
2f
What is 10101 (base 2) in base 11?
1a
What is 55 (base 12) in base 8?
101
-1 (base 14) to base 10
-1
2110 (base 3) to base 10
66
Convert -1 (base 13) to base 5.
-1
-2 (base 12) to base 11
-2
8 (base 10) to base 6
12
Convert 101 (base 2) to base 8.
5
Convert 11 (base 3) to base 14.
4
What is 100 (base 2) in base 4?
10
What is 2e (base 16) in base 6?
114
Convert 0 (base 2) to base 12.
0
What is 10101110 (base 2) in base 15?
b9
What is -5 (base 15) in base 10?
-5
Convert -1e (base 16) to base 8.
-36
1 (base 14) to base 8
1
Convert 4 (base 12) to base 10.
4
What is -10 (base 6) in base 12?
-6
Convert -20 (base 13) to base 4.
-122
What is -66 (base 16) in base 2?
-1100110
Convert 0 (base 11) to base 13.
0
Convert -48 (base 14) to base 15.
-44
82 (base 9) to base 4
1022
5 (base 15) to base 11
5
33 (base 5) to base 13
15
What is -2 (base 6) in base 11?
-2
What is 252 (base 11) in base 7?
605
101 (base 2) to base 11
5
What is -12 (base 10) in base 3?
-110
What is -6 (base 14) in base 6?
-10
Convert -301 (base 7) to base 14.
-a8
2b (base 13) to base 10
37
Convert 34 (base 14) to base 3.
1201
Convert 7 (base 9) to base 2.
111
What is 7 (base 15) in base 12?
7
2 (base 14) to base 11
2
Convert -24 (base 15) to base 14.
-26
-125 (base 6) to base 16
-35
What is -a (base 16) in base 4?
-22
What is -3 (base 8) in base 4?
-3
What is -6 (base 14) in base 15?
-6
10 (base 3) to base 16
3
-2b (base 13) to base 10
-37
What is -220 (base 6) in base 14?
-60
What is 147 (base 10) in base 14?
a7
Convert 1 (base 10) to base 3.
1
1001010 (base 2) to base 8
112
-1 (base 16) to base 5
-1
What is -20 (base 5) in base 4?
-22
What is -1 (base 15) in base 16?
-1
Convert -311 (base 4) to base 13.
-41
-5 (base 12) to base 8
-5
Convert 24 (base 11) to base 12.
22
Convert 60 (base 15) to base 13.
6c
Convert 12 (base 10) to base 13.
c
Convert -6 (base 16) to base 7.
-6
Convert 0 (base 8) to base 3.
0
Convert 201 (base 4) to base 13.
27
a5 (base 16) to base 7
324
73 (base 16) to base 6
311
Convert -52 (base 6) to base 8.
-40
What is 422 (base 8) in base 5?
2044
3 (base 15) to base 4
3
a3 (base 13) to base 15
8d
What is 0 (base 2) in base 16?
0
Convert -10111 (base 2) to base 8.
-27
What is -3a (base 11) in base 14?
-31
Convert 46 (base 14) to base 8.
76
What is 41 (base 9) in base 5?
122
What is 378 (base 9) in base 8?
472
What is 100 (base 2) in base 7?
4
5 (base 13) to base 14
5
Convert 58 (base 11) to base 8.
77
Convert -1 (base 16) to base 5.
-1
-1 (base 3) to base 14
-1
Convert -9 (base 13) to base 12.
-9
What is -214 (base 5) in base 15?
-3e
What is -10 (base 4) in base 2?
-100
5 (base 16) to base 12
5
-2 (base 8) to base 14
-2
Convert -2 (base 13) to base 14.
-2
-2 (base 13) to base 4
-2
-11 (base 6) to base 9
-7
Convert -41 (base 7) to base 2.
-11101
Convert 4b (base 12) to base 11.
54
Convert -1 (base 8) to base 11.
-1
-c (base 15) to base 7
-15
140 (base 5) to base 9
50
-2 (base 9) to base 2
-10
Convert -101011 (base 2) to base 14.
-31
35 (base 13) to base 8
54
Convert 18 (base 9) to base 5.
32
Convert 3 (base 4) to base 7.
3
9 (base 13) to base 4
21
Convert -1 (base 5) to base 8.
-1
-241 (base 8) to base 7
-320
Convert -1 (base 6) to base 8.
-1
What is 2 (base 6) in base 4?
2
Convert -1 (base 5) to base 13.
-1
Convert -30 (base 16) to base 12.
-40
-1 (base 6) to base 4
-1
What is 101002 (base 3) in base 7?
536
What is 2210 (base 3) in base 5?
300
Convert -38 (base 10) to base 5.
-123
Convert 243 (base 5) to base 8.
111
Convert -4 (base 5) to base 12.
-4
Convert 1002 (base 3) to base 5.
104
What is 201 (base 4) in base 11?
30
Convert -10201 (base 4) to base 9.
-351
What is 2c (base 14) in base 9?
44
What is 13 (base 4) in base 7?
10
Convert -36 (base 8) to base 15.
-20
-1 (base 7) to base 13
-1
Convert 20 (base 16) to base 5.
112
0 (base 7) to base 9
0
Convert 2 (base 3) to base 11.
2
251 (base 13) to base 7
1115
Convert -1 (base 2) to base 10.
-1
Convert -114 (base 8) to base 14.
-56
Convert 2 (base 10) to base 4.
2
-24a (base 13) to base 3
-112211
Convert -11020 (base 3) to base 4.
-1302
What is 7 (base 12) in base 3?
21
What is -e (base 15) in base 16?
-e
What is -1010 (base 2) in base 14?
-a
-1 (base 12) to base 10
-1
Convert -1 (base 14) to base 5.
-1
-3 (base 11) to base 12
-3
-16 (base 11) to base 4
-101
What is -4c (base 16) in base 8?
-114
What is 10 (base 9) in base 11?
9
What is 2 (base 5) in base 16?
2
Convert 33 (base 5) to base 9.
20
What is 1001 (base 2) in base 4?
21
What is 42 (base 7) in base 9?
33
Convert -4 (base 14) to base 16.
-4
What is 12 (base 4) in base 5?
11
-14 (base 16) to base 12
-18
Convert -2000 (base 3) to base 2.
-110110
Convert -3 (base 14) to base 6.
-3
-103 (base 4) to base 15
-14
4 (base 10) to base 16
4
-b5 (base 13) to base 3
-12111
56 (base 16) to base 3
10012
What is -1 (base 14) in base 16?
-1
Convert 4b (base 15) to base 2.
1000111
What is -31 (base 5) in base 16?
-10
Convert -7 (base 9) to base 4.
-13
What is -56 (base 7) in base 2?
-101001
What is -440 (base 5) in base 9?
-143
What is -1a6 (base 11) in base 16?
-ed
1 (base 11) to base 16
1
Convert -74 (base 11) to base 10.
-81
What is 86 (base 10) in base 9?
105
Convert 0 (base 9) to base 11.
0
-18 (base 10) to base 5
-33
Convert 13 (base 10) to base 15.
d
0 (base 4) to base 7
0
8 (base 10) to base 11
8
Convert c4 (base 15) to base 12.
134
What is -2b (base 12) in base 10?
-35
2120 (base 3) to base 13
54
What is -1000 (base 2) in base 10?
-8
20 (base 3) to base 4
12
Convert 1 (base 14) to base 10.
1
Convert -47 (base 13) to base 5.
-214
11 (base 4) to base 16
5
What is -2 (base 10) in base 9?
-2
What is 4 (base 8) in base 14?
4
Convert 3 (base 10) to base 11.
3
Convert -11011100 (base 2) to base 6.
-1004
Convert -2 (base 6) to base 3.
-2
Convert -5 (base 12) to base 13.
-5
What is 38 (base 16) in base 13?
44
Convert -20 (base 8) to base 6.
-24
1 (base 12) to base 14
1
Convert 21 (base 9) to base 7.
25
7 (base 8) to base 3
21
26 (base 11) to base 6
44
What is 113 (base 10) in base 16?
71
What is -1130 (base 4) in base 10?
-92
0 (base 13) to base 4
0
1110011 (base 2) to base 4
1303
Convert -1110000 (base 2) to base 5.
-422
What is -7 (base 8) in base 15?
-7
120 (base 6) to base 3
1210
Convert 12 (base 4) to base 13.
6
What is -18 (base 16) in base 5?
-44
Convert 3b (base 12) to base 16.
2f
What is -61 (base 12) in base 13?
-58
What is 0 (base 14) in base 13?
0
1 (base 11) to base 16
1
Convert 100010001 (base 2) to base 8.
421
What is -21211 (base 3) in base 14?
-111
Convert 21 (base 5) to base 15.
b
What is -14 (base 10) in base 16?
-e
Convert -94 (base 13) to base 3.
-11111
Convert -2 (base 13) to base 5.
-2
2 (base 6) to base 15
2
What is 5 (base 7) in base 4?
11
-3b (base 15) to base 14
-40
What is -2 (base 8) in base 12?
-2
Convert 423 (base 7) to base 2.
11010101
44 (base 5) to base 8
30
Convert 28 (base 15) to base 13.
2c
Convert -3 (base 15) to base 9.
-3
What is -24 (base 15) in base 11?
-31
What is 5 (base 9) in base 11?
5
What